{"id":298,"date":"2022-09-01T09:16:15","date_gmt":"2022-09-01T09:16:15","guid":{"rendered":"http:\/\/goepplmay.de\/?page_id=298"},"modified":"2025-10-28T13:54:09","modified_gmt":"2025-10-28T12:54:09","slug":"estricharbeiten","status":"publish","type":"page","link":"https:\/\/goepplmay.de\/index.php\/estricharbeiten\/","title":{"rendered":"Estricharbeiten"},"content":{"rendered":"\t\t<div data-elementor-type=\"wp-page\" data-elementor-id=\"298\" class=\"elementor elementor-298\">\n\t\t\t\t\t\t<section class=\"elementor-section elementor-top-section elementor-element elementor-element-5226caf elementor-section-boxed elementor-section-height-default elementor-section-height-default\" data-id=\"5226caf\" data-element_type=\"section\" data-e-type=\"section\">\n\t\t\t\t\t\t<div class=\"elementor-container elementor-column-gap-default\">\n\t\t\t\t\t<div class=\"elementor-column elementor-col-33 elementor-top-column elementor-element elementor-element-6fc62ff\" data-id=\"6fc62ff\" data-element_type=\"column\" data-e-type=\"column\">\n\t\t\t<div class=\"elementor-widget-wrap elementor-element-populated\">\n\t\t\t\t\t\t<div class=\"elementor-element elementor-element-9c853db elementor-widget elementor-widget-text-editor\" data-id=\"9c853db\" data-element_type=\"widget\" data-e-type=\"widget\" data-widget_type=\"text-editor.default\">\n\t\t\t\t<div class=\"elementor-widget-container\">\n\t\t\t\t\t\t\t\t\t<p><strong>Estricharbeiten<br><\/strong><\/p>\n<p>Zementestriche sowohl als Verbundestriche oder auch schwimmend verlegt.<\/p>\n<p>Zudem nivellieren wir unebene Untergr\u00fcnde mit Flie\u00df- oder Nivellierestrich.<\/p>\n<p>So erhalten Sie den perfekten Untergrund f\u00fcr Ihren neuen Bodenbelag!<br><\/p>\n<p><\/p>\t\t\t\t\t\t\t\t<\/div>\n\t\t\t\t<\/div>\n\t\t\t\t\t<\/div>\n\t\t<\/div>\n\t\t\t\t<div class=\"elementor-column elementor-col-66 elementor-top-column elementor-element elementor-element-a21e2a1\" data-id=\"a21e2a1\" data-element_type=\"column\" data-e-type=\"column\">\n\t\t\t<div class=\"elementor-widget-wrap elementor-element-populated\">\n\t\t\t\t\t\t<div class=\"elementor-element elementor-element-0463258 elementor-widget elementor-widget-image\" data-id=\"0463258\" data-element_type=\"widget\" data-e-type=\"widget\" data-widget_type=\"image.default\">\n\t\t\t\t<div class=\"elementor-widget-container\">\n\t\t\t\t\t\t\t\t\t\t\t\t\t\t\t<img fetchpriority=\"high\" decoding=\"async\" width=\"660\" height=\"330\" src=\"http:\/\/goepplmay.de\/wp-content\/uploads\/2022\/09\/smooth-660x330-1.jpg\" class=\"attachment-large size-large wp-image-304\" alt=\"\" srcset=\"http:\/\/goepplmay.de\/wp-content\/uploads\/2022\/09\/smooth-660x330-1.jpg 660w, http:\/\/goepplmay.de\/wp-content\/uploads\/2022\/09\/smooth-660x330-1-300x150.jpg 300w\" sizes=\"(max-width: 660px) 100vw, 660px\" \/>\t\t\t\t\t\t\t\t\t\t\t\t\t\t\t<\/div>\n\t\t\t\t<\/div>\n\t\t\t\t\t<\/div>\n\t\t<\/div>\n\t\t\t\t\t<\/div>\n\t\t<\/section>\n\t\t\t\t<section class=\"elementor-section elementor-top-section elementor-element elementor-element-77f5ed6 elementor-section-boxed elementor-section-height-default elementor-section-height-default\" data-id=\"77f5ed6\" data-element_type=\"section\" data-e-type=\"section\">\n\t\t\t\t\t\t<div class=\"elementor-container elementor-column-gap-default\">\n\t\t\t\t\t<div class=\"elementor-column elementor-col-25 elementor-top-column elementor-element elementor-element-2eb632f\" data-id=\"2eb632f\" data-element_type=\"column\" data-e-type=\"column\">\n\t\t\t<div class=\"elementor-widget-wrap elementor-element-populated\">\n\t\t\t\t\t\t<div class=\"elementor-element elementor-element-293b747 elementor-widget elementor-widget-image\" data-id=\"293b747\" data-element_type=\"widget\" data-e-type=\"widget\" data-widget_type=\"image.default\">\n\t\t\t\t<div class=\"elementor-widget-container\">\n\t\t\t\t\t\t\t\t\t\t\t\t<figure class=\"wp-caption\">\n\t\t\t\t\t\t\t\t\t\t\t<a href=\"http:\/\/goepplmay.de\/wp-content\/uploads\/2022\/09\/IMG_20200813_084725-scaled.jpg\" data-elementor-open-lightbox=\"yes\" data-elementor-lightbox-title=\"IMG_20200813_084725\" data-e-action-hash=\"#elementor-action%3Aaction%3Dlightbox%26settings%3DeyJpZCI6MzAwLCJ1cmwiOiJodHRwOlwvXC9nb2VwcGxtYXkuZGVcL3dwLWNvbnRlbnRcL3VwbG9hZHNcLzIwMjJcLzA5XC9JTUdfMjAyMDA4MTNfMDg0NzI1LXNjYWxlZC5qcGcifQ%3D%3D\">\n\t\t\t\t\t\t\t<img decoding=\"async\" width=\"1024\" height=\"768\" src=\"http:\/\/goepplmay.de\/wp-content\/uploads\/2022\/09\/IMG_20200813_084725-1024x768.jpg\" class=\"attachment-large size-large wp-image-300\" alt=\"\" srcset=\"http:\/\/goepplmay.de\/wp-content\/uploads\/2022\/09\/IMG_20200813_084725-1024x768.jpg 1024w, http:\/\/goepplmay.de\/wp-content\/uploads\/2022\/09\/IMG_20200813_084725-300x225.jpg 300w, http:\/\/goepplmay.de\/wp-content\/uploads\/2022\/09\/IMG_20200813_084725-768x576.jpg 768w, http:\/\/goepplmay.de\/wp-content\/uploads\/2022\/09\/IMG_20200813_084725-1536x1152.jpg 1536w, http:\/\/goepplmay.de\/wp-content\/uploads\/2022\/09\/IMG_20200813_084725-2048x1536.jpg 2048w\" sizes=\"(max-width: 1024px) 100vw, 1024px\" \/>\t\t\t\t\t\t\t\t<\/a>\n\t\t\t\t\t\t\t\t\t\t\t<figcaption class=\"widget-image-caption wp-caption-text\"><\/figcaption>\n\t\t\t\t\t\t\t\t\t\t<\/figure>\n\t\t\t\t\t\t\t\t\t<\/div>\n\t\t\t\t<\/div>\n\t\t\t\t\t<\/div>\n\t\t<\/div>\n\t\t\t\t<div class=\"elementor-column elementor-col-25 elementor-top-column elementor-element elementor-element-10b33e0\" data-id=\"10b33e0\" data-element_type=\"column\" data-e-type=\"column\">\n\t\t\t<div class=\"elementor-widget-wrap elementor-element-populated\">\n\t\t\t\t\t\t<div class=\"elementor-element elementor-element-0e68cac elementor-widget elementor-widget-image\" data-id=\"0e68cac\" data-element_type=\"widget\" data-e-type=\"widget\" data-widget_type=\"image.default\">\n\t\t\t\t<div class=\"elementor-widget-container\">\n\t\t\t\t\t\t\t\t\t\t\t\t<figure class=\"wp-caption\">\n\t\t\t\t\t\t\t\t\t\t\t<a href=\"http:\/\/goepplmay.de\/wp-content\/uploads\/2022\/09\/IMG_20200813_085528-scaled.jpg\" data-elementor-open-lightbox=\"yes\" data-elementor-lightbox-title=\"IMG_20200813_085528\" data-e-action-hash=\"#elementor-action%3Aaction%3Dlightbox%26settings%3DeyJpZCI6MzAxLCJ1cmwiOiJodHRwOlwvXC9nb2VwcGxtYXkuZGVcL3dwLWNvbnRlbnRcL3VwbG9hZHNcLzIwMjJcLzA5XC9JTUdfMjAyMDA4MTNfMDg1NTI4LXNjYWxlZC5qcGcifQ%3D%3D\">\n\t\t\t\t\t\t\t<img decoding=\"async\" width=\"1024\" height=\"768\" src=\"http:\/\/goepplmay.de\/wp-content\/uploads\/2022\/09\/IMG_20200813_085528-1024x768.jpg\" class=\"attachment-large size-large wp-image-301\" alt=\"\" srcset=\"http:\/\/goepplmay.de\/wp-content\/uploads\/2022\/09\/IMG_20200813_085528-1024x768.jpg 1024w, http:\/\/goepplmay.de\/wp-content\/uploads\/2022\/09\/IMG_20200813_085528-300x225.jpg 300w, http:\/\/goepplmay.de\/wp-content\/uploads\/2022\/09\/IMG_20200813_085528-768x576.jpg 768w, http:\/\/goepplmay.de\/wp-content\/uploads\/2022\/09\/IMG_20200813_085528-1536x1152.jpg 1536w, http:\/\/goepplmay.de\/wp-content\/uploads\/2022\/09\/IMG_20200813_085528-2048x1536.jpg 2048w\" sizes=\"(max-width: 1024px) 100vw, 1024px\" \/>\t\t\t\t\t\t\t\t<\/a>\n\t\t\t\t\t\t\t\t\t\t\t<figcaption class=\"widget-image-caption wp-caption-text\"><\/figcaption>\n\t\t\t\t\t\t\t\t\t\t<\/figure>\n\t\t\t\t\t\t\t\t\t<\/div>\n\t\t\t\t<\/div>\n\t\t\t\t\t<\/div>\n\t\t<\/div>\n\t\t\t\t<div class=\"elementor-column elementor-col-25 elementor-top-column elementor-element elementor-element-b666d17\" data-id=\"b666d17\" data-element_type=\"column\" data-e-type=\"column\">\n\t\t\t<div class=\"elementor-widget-wrap elementor-element-populated\">\n\t\t\t\t\t\t<div class=\"elementor-element elementor-element-21e6f63 elementor-widget elementor-widget-image\" data-id=\"21e6f63\" data-element_type=\"widget\" data-e-type=\"widget\" data-widget_type=\"image.default\">\n\t\t\t\t<div class=\"elementor-widget-container\">\n\t\t\t\t\t\t\t\t\t\t\t\t<figure class=\"wp-caption\">\n\t\t\t\t\t\t\t\t\t\t\t<a href=\"http:\/\/goepplmay.de\/wp-content\/uploads\/2022\/09\/IMG_20200813_091328-scaled.jpg\" data-elementor-open-lightbox=\"yes\" data-elementor-lightbox-title=\"IMG_20200813_091328\" data-e-action-hash=\"#elementor-action%3Aaction%3Dlightbox%26settings%3DeyJpZCI6MzAyLCJ1cmwiOiJodHRwOlwvXC9nb2VwcGxtYXkuZGVcL3dwLWNvbnRlbnRcL3VwbG9hZHNcLzIwMjJcLzA5XC9JTUdfMjAyMDA4MTNfMDkxMzI4LXNjYWxlZC5qcGcifQ%3D%3D\">\n\t\t\t\t\t\t\t<img loading=\"lazy\" decoding=\"async\" width=\"1024\" height=\"768\" src=\"http:\/\/goepplmay.de\/wp-content\/uploads\/2022\/09\/IMG_20200813_091328-1024x768.jpg\" class=\"attachment-large size-large wp-image-302\" alt=\"\" srcset=\"http:\/\/goepplmay.de\/wp-content\/uploads\/2022\/09\/IMG_20200813_091328-1024x768.jpg 1024w, http:\/\/goepplmay.de\/wp-content\/uploads\/2022\/09\/IMG_20200813_091328-300x225.jpg 300w, http:\/\/goepplmay.de\/wp-content\/uploads\/2022\/09\/IMG_20200813_091328-768x576.jpg 768w, http:\/\/goepplmay.de\/wp-content\/uploads\/2022\/09\/IMG_20200813_091328-1536x1152.jpg 1536w, http:\/\/goepplmay.de\/wp-content\/uploads\/2022\/09\/IMG_20200813_091328-2048x1536.jpg 2048w\" sizes=\"(max-width: 1024px) 100vw, 1024px\" \/>\t\t\t\t\t\t\t\t<\/a>\n\t\t\t\t\t\t\t\t\t\t\t<figcaption class=\"widget-image-caption wp-caption-text\">Fussbodenheizung<\/figcaption>\n\t\t\t\t\t\t\t\t\t\t<\/figure>\n\t\t\t\t\t\t\t\t\t<\/div>\n\t\t\t\t<\/div>\n\t\t\t\t\t<\/div>\n\t\t<\/div>\n\t\t\t\t<div class=\"elementor-column elementor-col-25 elementor-top-column elementor-element elementor-element-65110f7\" data-id=\"65110f7\" data-element_type=\"column\" data-e-type=\"column\">\n\t\t\t<div class=\"elementor-widget-wrap elementor-element-populated\">\n\t\t\t\t\t\t<div class=\"elementor-element elementor-element-e2f4ce6 elementor-widget elementor-widget-image\" data-id=\"e2f4ce6\" data-element_type=\"widget\" data-e-type=\"widget\" data-widget_type=\"image.default\">\n\t\t\t\t<div class=\"elementor-widget-container\">\n\t\t\t\t\t\t\t\t\t\t\t\t<figure class=\"wp-caption\">\n\t\t\t\t\t\t\t\t\t\t\t<a href=\"http:\/\/goepplmay.de\/wp-content\/uploads\/2022\/09\/IMG-20200813-WA0003.jpg\" data-elementor-open-lightbox=\"yes\" data-elementor-lightbox-title=\"IMG-20200813-WA0003\" data-e-action-hash=\"#elementor-action%3Aaction%3Dlightbox%26settings%3DeyJpZCI6MzAzLCJ1cmwiOiJodHRwOlwvXC9nb2VwcGxtYXkuZGVcL3dwLWNvbnRlbnRcL3VwbG9hZHNcLzIwMjJcLzA5XC9JTUctMjAyMDA4MTMtV0EwMDAzLmpwZyJ9\">\n\t\t\t\t\t\t\t<img loading=\"lazy\" decoding=\"async\" width=\"1024\" height=\"768\" src=\"http:\/\/goepplmay.de\/wp-content\/uploads\/2022\/09\/IMG-20200813-WA0003-1024x768.jpg\" class=\"attachment-large size-large wp-image-303\" alt=\"\" srcset=\"http:\/\/goepplmay.de\/wp-content\/uploads\/2022\/09\/IMG-20200813-WA0003-1024x768.jpg 1024w, http:\/\/goepplmay.de\/wp-content\/uploads\/2022\/09\/IMG-20200813-WA0003-300x225.jpg 300w, http:\/\/goepplmay.de\/wp-content\/uploads\/2022\/09\/IMG-20200813-WA0003-768x576.jpg 768w, http:\/\/goepplmay.de\/wp-content\/uploads\/2022\/09\/IMG-20200813-WA0003-1536x1152.jpg 1536w, http:\/\/goepplmay.de\/wp-content\/uploads\/2022\/09\/IMG-20200813-WA0003.jpg 1600w\" sizes=\"(max-width: 1024px) 100vw, 1024px\" \/>\t\t\t\t\t\t\t\t<\/a>\n\t\t\t\t\t\t\t\t\t\t\t<figcaption class=\"widget-image-caption wp-caption-text\"><\/figcaption>\n\t\t\t\t\t\t\t\t\t\t<\/figure>\n\t\t\t\t\t\t\t\t\t<\/div>\n\t\t\t\t<\/div>\n\t\t\t\t\t<\/div>\n\t\t<\/div>\n\t\t\t\t\t<\/div>\n\t\t<\/section>\n\t\t\t\t<\/div>\n\t\t","protected":false},"excerpt":{"rendered":"<p>Estricharbeiten Zementestriche sowohl als Verbundestriche oder auch schwimmend verlegt. Zudem nivellieren wir unebene Untergr\u00fcnde mit Flie\u00df- oder Nivellierestrich. So erhalten Sie den perfekten Untergrund f\u00fcr Ihren neuen Bodenbelag! Fussbodenheizung<\/p>\n","protected":false},"author":2,"featured_media":0,"parent":0,"menu_order":0,"comment_status":"closed","ping_status":"closed","template":"","meta":{"ocean_post_layout":"","ocean_both_sidebars_style":"","ocean_both_sidebars_content_width":0,"ocean_both_sidebars_sidebars_width":0,"ocean_sidebar":"0","ocean_second_sidebar":"0","ocean_disable_margins":"enable","ocean_add_body_class":"","ocean_shortcode_before_top_bar":"","ocean_shortcode_after_top_bar":"","ocean_shortcode_before_header":"","ocean_shortcode_after_header":"","ocean_has_shortcode":"","ocean_shortcode_after_title":"","ocean_shortcode_before_footer_widgets":"","ocean_shortcode_after_footer_widgets":"","ocean_shortcode_before_footer_bottom":"","ocean_shortcode_after_footer_bottom":"","ocean_display_top_bar":"default","ocean_display_header":"default","ocean_header_style":"","ocean_center_header_left_menu":"0","ocean_custom_header_template":"0","ocean_custom_logo":0,"ocean_custom_retina_logo":0,"ocean_custom_logo_max_width":0,"ocean_custom_logo_tablet_max_width":0,"ocean_custom_logo_mobile_max_width":0,"ocean_custom_logo_max_height":0,"ocean_custom_logo_tablet_max_height":0,"ocean_custom_logo_mobile_max_height":0,"ocean_header_custom_menu":"0","ocean_menu_typo_font_family":"0","ocean_menu_typo_font_subset":"","ocean_menu_typo_font_size":0,"ocean_menu_typo_font_size_tablet":0,"ocean_menu_typo_font_size_mobile":0,"ocean_menu_typo_font_size_unit":"px","ocean_menu_typo_font_weight":"","ocean_menu_typo_font_weight_tablet":"","ocean_menu_typo_font_weight_mobile":"","ocean_menu_typo_transform":"","ocean_menu_typo_transform_tablet":"","ocean_menu_typo_transform_mobile":"","ocean_menu_typo_line_height":0,"ocean_menu_typo_line_height_tablet":0,"ocean_menu_typo_line_height_mobile":0,"ocean_menu_typo_line_height_unit":"","ocean_menu_typo_spacing":0,"ocean_menu_typo_spacing_tablet":0,"ocean_menu_typo_spacing_mobile":0,"ocean_menu_typo_spacing_unit":"","ocean_menu_link_color":"","ocean_menu_link_color_hover":"","ocean_menu_link_color_active":"","ocean_menu_link_background":"","ocean_menu_link_hover_background":"","ocean_menu_link_active_background":"","ocean_menu_social_links_bg":"","ocean_menu_social_hover_links_bg":"","ocean_menu_social_links_color":"","ocean_menu_social_hover_links_color":"","ocean_disable_title":"default","ocean_disable_heading":"default","ocean_post_title":"","ocean_post_subheading":"","ocean_post_title_style":"","ocean_post_title_background_color":"","ocean_post_title_background":0,"ocean_post_title_bg_image_position":"","ocean_post_title_bg_image_attachment":"","ocean_post_title_bg_image_repeat":"","ocean_post_title_bg_image_size":"","ocean_post_title_height":0,"ocean_post_title_bg_overlay":0.5,"ocean_post_title_bg_overlay_color":"","ocean_disable_breadcrumbs":"default","ocean_breadcrumbs_color":"","ocean_breadcrumbs_separator_color":"","ocean_breadcrumbs_links_color":"","ocean_breadcrumbs_links_hover_color":"","ocean_display_footer_widgets":"default","ocean_display_footer_bottom":"default","ocean_custom_footer_template":"0","footnotes":""},"class_list":["post-298","page","type-page","status-publish","hentry","entry"],"yoast_head":"<!-- This site is optimized with the Yoast SEO plugin v26.2 - https:\/\/yoast.com\/wordpress\/plugins\/seo\/ -->\n<title>Estricharbeiten - G\u00f6ppl &amp; May<\/title>\n<meta name=\"robots\" content=\"noindex, follow, max-snippet:-1, max-image-preview:large, max-video-preview:-1\" \/>\n<meta property=\"og:locale\" content=\"de_DE\" \/>\n<meta property=\"og:type\" content=\"article\" \/>\n<meta property=\"og:title\" content=\"Estricharbeiten - G\u00f6ppl &amp; May\" \/>\n<meta property=\"og:description\" content=\"Estricharbeiten Zementestriche sowohl als Verbundestriche oder auch schwimmend verlegt. Zudem nivellieren wir unebene Untergr\u00fcnde mit Flie\u00df- oder Nivellierestrich. So erhalten Sie den perfekten Untergrund f\u00fcr Ihren neuen Bodenbelag! Fussbodenheizung\" \/>\n<meta property=\"og:url\" content=\"http:\/\/goepplmay.de\/index.php\/estricharbeiten\/\" \/>\n<meta property=\"og:site_name\" content=\"G\u00f6ppl &amp; May\" \/>\n<meta property=\"article:modified_time\" content=\"2025-10-28T12:54:09+00:00\" \/>\n<meta property=\"og:image\" content=\"http:\/\/goepplmay.de\/wp-content\/uploads\/2022\/09\/smooth-660x330-1.jpg\" \/>\n<meta name=\"twitter:card\" content=\"summary_large_image\" \/>\n<script type=\"application\/ld+json\" class=\"yoast-schema-graph\">{\"@context\":\"https:\/\/schema.org\",\"@graph\":[{\"@type\":\"WebPage\",\"@id\":\"http:\/\/goepplmay.de\/index.php\/estricharbeiten\/\",\"url\":\"http:\/\/goepplmay.de\/index.php\/estricharbeiten\/\",\"name\":\"Estricharbeiten - G\u00f6ppl &amp; May\",\"isPartOf\":{\"@id\":\"http:\/\/goepplmay.de\/#website\"},\"primaryImageOfPage\":{\"@id\":\"http:\/\/goepplmay.de\/index.php\/estricharbeiten\/#primaryimage\"},\"image\":{\"@id\":\"http:\/\/goepplmay.de\/index.php\/estricharbeiten\/#primaryimage\"},\"thumbnailUrl\":\"http:\/\/goepplmay.de\/wp-content\/uploads\/2022\/09\/smooth-660x330-1.jpg\",\"datePublished\":\"2022-09-01T09:16:15+00:00\",\"dateModified\":\"2025-10-28T12:54:09+00:00\",\"breadcrumb\":{\"@id\":\"http:\/\/goepplmay.de\/index.php\/estricharbeiten\/#breadcrumb\"},\"inLanguage\":\"de\",\"potentialAction\":[{\"@type\":\"ReadAction\",\"target\":[\"http:\/\/goepplmay.de\/index.php\/estricharbeiten\/\"]}]},{\"@type\":\"ImageObject\",\"inLanguage\":\"de\",\"@id\":\"http:\/\/goepplmay.de\/index.php\/estricharbeiten\/#primaryimage\",\"url\":\"https:\/\/goepplmay.de\/wp-content\/uploads\/2022\/09\/smooth-660x330-1.jpg\",\"contentUrl\":\"https:\/\/goepplmay.de\/wp-content\/uploads\/2022\/09\/smooth-660x330-1.jpg\",\"width\":660,\"height\":330},{\"@type\":\"BreadcrumbList\",\"@id\":\"http:\/\/goepplmay.de\/index.php\/estricharbeiten\/#breadcrumb\",\"itemListElement\":[{\"@type\":\"ListItem\",\"position\":1,\"name\":\"Startseite\",\"item\":\"http:\/\/goepplmay.de\/\"},{\"@type\":\"ListItem\",\"position\":2,\"name\":\"Estricharbeiten\"}]},{\"@type\":\"WebSite\",\"@id\":\"http:\/\/goepplmay.de\/#website\",\"url\":\"http:\/\/goepplmay.de\/\",\"name\":\"G\u00f6ppl &amp; May\",\"description\":\"\",\"publisher\":{\"@id\":\"http:\/\/goepplmay.de\/#organization\"},\"inLanguage\":\"de\"},{\"@type\":\"Organization\",\"@id\":\"http:\/\/goepplmay.de\/#organization\",\"name\":\"G\u00f6ppl &amp; May\",\"url\":\"http:\/\/goepplmay.de\/\",\"logo\":{\"@type\":\"ImageObject\",\"inLanguage\":\"de\",\"@id\":\"http:\/\/goepplmay.de\/#\/schema\/logo\/image\/\",\"url\":\"https:\/\/goepplmay.de\/wp-content\/uploads\/2020\/07\/cropped-Logo-ohne-1.png\",\"contentUrl\":\"https:\/\/goepplmay.de\/wp-content\/uploads\/2020\/07\/cropped-Logo-ohne-1.png\",\"width\":145,\"height\":46,\"caption\":\"G\u00f6ppl &amp; May\"},\"image\":{\"@id\":\"http:\/\/goepplmay.de\/#\/schema\/logo\/image\/\"}}]}<\/script>\n<!-- \/ Yoast SEO plugin. -->","yoast_head_json":{"title":"Estricharbeiten - G\u00f6ppl &amp; May","robots":{"index":"noindex","follow":"follow","max-snippet":"max-snippet:-1","max-image-preview":"max-image-preview:large","max-video-preview":"max-video-preview:-1"},"og_locale":"de_DE","og_type":"article","og_title":"Estricharbeiten - G\u00f6ppl &amp; May","og_description":"Estricharbeiten Zementestriche sowohl als Verbundestriche oder auch schwimmend verlegt. Zudem nivellieren wir unebene Untergr\u00fcnde mit Flie\u00df- oder Nivellierestrich. So erhalten Sie den perfekten Untergrund f\u00fcr Ihren neuen Bodenbelag! Fussbodenheizung","og_url":"http:\/\/goepplmay.de\/index.php\/estricharbeiten\/","og_site_name":"G\u00f6ppl &amp; May","article_modified_time":"2025-10-28T12:54:09+00:00","og_image":[{"url":"http:\/\/goepplmay.de\/wp-content\/uploads\/2022\/09\/smooth-660x330-1.jpg","type":"","width":"","height":""}],"twitter_card":"summary_large_image","schema":{"@context":"https:\/\/schema.org","@graph":[{"@type":"WebPage","@id":"http:\/\/goepplmay.de\/index.php\/estricharbeiten\/","url":"http:\/\/goepplmay.de\/index.php\/estricharbeiten\/","name":"Estricharbeiten - G\u00f6ppl &amp; May","isPartOf":{"@id":"http:\/\/goepplmay.de\/#website"},"primaryImageOfPage":{"@id":"http:\/\/goepplmay.de\/index.php\/estricharbeiten\/#primaryimage"},"image":{"@id":"http:\/\/goepplmay.de\/index.php\/estricharbeiten\/#primaryimage"},"thumbnailUrl":"http:\/\/goepplmay.de\/wp-content\/uploads\/2022\/09\/smooth-660x330-1.jpg","datePublished":"2022-09-01T09:16:15+00:00","dateModified":"2025-10-28T12:54:09+00:00","breadcrumb":{"@id":"http:\/\/goepplmay.de\/index.php\/estricharbeiten\/#breadcrumb"},"inLanguage":"de","potentialAction":[{"@type":"ReadAction","target":["http:\/\/goepplmay.de\/index.php\/estricharbeiten\/"]}]},{"@type":"ImageObject","inLanguage":"de","@id":"http:\/\/goepplmay.de\/index.php\/estricharbeiten\/#primaryimage","url":"https:\/\/goepplmay.de\/wp-content\/uploads\/2022\/09\/smooth-660x330-1.jpg","contentUrl":"https:\/\/goepplmay.de\/wp-content\/uploads\/2022\/09\/smooth-660x330-1.jpg","width":660,"height":330},{"@type":"BreadcrumbList","@id":"http:\/\/goepplmay.de\/index.php\/estricharbeiten\/#breadcrumb","itemListElement":[{"@type":"ListItem","position":1,"name":"Startseite","item":"http:\/\/goepplmay.de\/"},{"@type":"ListItem","position":2,"name":"Estricharbeiten"}]},{"@type":"WebSite","@id":"http:\/\/goepplmay.de\/#website","url":"http:\/\/goepplmay.de\/","name":"G\u00f6ppl &amp; May","description":"","publisher":{"@id":"http:\/\/goepplmay.de\/#organization"},"inLanguage":"de"},{"@type":"Organization","@id":"http:\/\/goepplmay.de\/#organization","name":"G\u00f6ppl &amp; May","url":"http:\/\/goepplmay.de\/","logo":{"@type":"ImageObject","inLanguage":"de","@id":"http:\/\/goepplmay.de\/#\/schema\/logo\/image\/","url":"https:\/\/goepplmay.de\/wp-content\/uploads\/2020\/07\/cropped-Logo-ohne-1.png","contentUrl":"https:\/\/goepplmay.de\/wp-content\/uploads\/2020\/07\/cropped-Logo-ohne-1.png","width":145,"height":46,"caption":"G\u00f6ppl &amp; May"},"image":{"@id":"http:\/\/goepplmay.de\/#\/schema\/logo\/image\/"}}]}},"_links":{"self":[{"href":"https:\/\/goepplmay.de\/index.php\/wp-json\/wp\/v2\/pages\/298","targetHints":{"allow":["GET"]}}],"collection":[{"href":"https:\/\/goepplmay.de\/index.php\/wp-json\/wp\/v2\/pages"}],"about":[{"href":"https:\/\/goepplmay.de\/index.php\/wp-json\/wp\/v2\/types\/page"}],"author":[{"embeddable":true,"href":"https:\/\/goepplmay.de\/index.php\/wp-json\/wp\/v2\/users\/2"}],"replies":[{"embeddable":true,"href":"https:\/\/goepplmay.de\/index.php\/wp-json\/wp\/v2\/comments?post=298"}],"version-history":[{"count":43,"href":"https:\/\/goepplmay.de\/index.php\/wp-json\/wp\/v2\/pages\/298\/revisions"}],"predecessor-version":[{"id":365,"href":"https:\/\/goepplmay.de\/index.php\/wp-json\/wp\/v2\/pages\/298\/revisions\/365"}],"wp:attachment":[{"href":"https:\/\/goepplmay.de\/index.php\/wp-json\/wp\/v2\/media?parent=298"}],"curies":[{"name":"wp","href":"https:\/\/api.w.org\/{rel}","templated":true}]}}