{"id":155,"date":"2022-08-29T12:16:16","date_gmt":"2022-08-29T12:16:16","guid":{"rendered":"http:\/\/goepplmay.de\/?page_id=155"},"modified":"2025-10-28T16:19:13","modified_gmt":"2025-10-28T15:19:13","slug":"abbrucharbeiten","status":"publish","type":"page","link":"https:\/\/goepplmay.de\/index.php\/abbrucharbeiten\/","title":{"rendered":"Abbrucharbeiten"},"content":{"rendered":"\t\t<div data-elementor-type=\"wp-page\" data-elementor-id=\"155\" class=\"elementor elementor-155\">\n\t\t\t\t\t\t<section class=\"elementor-section elementor-top-section elementor-element elementor-element-5226caf elementor-section-boxed elementor-section-height-default elementor-section-height-default\" data-id=\"5226caf\" data-element_type=\"section\" data-e-type=\"section\">\n\t\t\t\t\t\t<div class=\"elementor-container elementor-column-gap-default\">\n\t\t\t\t\t<div class=\"elementor-column elementor-col-33 elementor-top-column elementor-element elementor-element-6fc62ff\" data-id=\"6fc62ff\" data-element_type=\"column\" data-e-type=\"column\">\n\t\t\t<div class=\"elementor-widget-wrap elementor-element-populated\">\n\t\t\t\t\t\t<div class=\"elementor-element elementor-element-9c853db elementor-widget elementor-widget-text-editor\" data-id=\"9c853db\" data-element_type=\"widget\" data-e-type=\"widget\" data-widget_type=\"text-editor.default\">\n\t\t\t\t<div class=\"elementor-widget-container\">\n\t\t\t\t\t\t\t\t\t<p><strong>Abbrucharbeiten<br><\/strong><\/p>\n<p>Von kleineren Abbruch- und Demontagearbeiten, das Wegstemmen von Fliesen f\u00fcr ein neues Bad bis zur kompletten Entkernung von Wohn- und Gewerbeobjekten bieten wir unseren Kunden jegliche &#8222;Zerst\u00f6rung&#8220; einschlie\u00dflich der fachgerechten Entsorgung an!<\/p>\n<p><\/p>\t\t\t\t\t\t\t\t<\/div>\n\t\t\t\t<\/div>\n\t\t\t\t\t<\/div>\n\t\t<\/div>\n\t\t\t\t<div class=\"elementor-column elementor-col-66 elementor-top-column elementor-element elementor-element-a21e2a1\" data-id=\"a21e2a1\" data-element_type=\"column\" data-e-type=\"column\">\n\t\t\t<div class=\"elementor-widget-wrap elementor-element-populated\">\n\t\t\t\t\t\t<div class=\"elementor-element elementor-element-2d503fa elementor-widget elementor-widget-image\" data-id=\"2d503fa\" data-element_type=\"widget\" data-e-type=\"widget\" data-widget_type=\"image.default\">\n\t\t\t\t<div class=\"elementor-widget-container\">\n\t\t\t\t\t\t\t\t\t\t\t\t\t\t\t<img fetchpriority=\"high\" decoding=\"async\" width=\"1024\" height=\"576\" src=\"http:\/\/goepplmay.de\/wp-content\/uploads\/2022\/09\/20191125_171437-1024x576.jpg\" class=\"attachment-large size-large wp-image-230\" alt=\"\" srcset=\"http:\/\/goepplmay.de\/wp-content\/uploads\/2022\/09\/20191125_171437-1024x576.jpg 1024w, http:\/\/goepplmay.de\/wp-content\/uploads\/2022\/09\/20191125_171437-300x169.jpg 300w, http:\/\/goepplmay.de\/wp-content\/uploads\/2022\/09\/20191125_171437-768x432.jpg 768w, http:\/\/goepplmay.de\/wp-content\/uploads\/2022\/09\/20191125_171437-1536x864.jpg 1536w, http:\/\/goepplmay.de\/wp-content\/uploads\/2022\/09\/20191125_171437-2048x1152.jpg 2048w\" sizes=\"(max-width: 1024px) 100vw, 1024px\" \/>\t\t\t\t\t\t\t\t\t\t\t\t\t\t\t<\/div>\n\t\t\t\t<\/div>\n\t\t\t\t\t<\/div>\n\t\t<\/div>\n\t\t\t\t\t<\/div>\n\t\t<\/section>\n\t\t\t\t<section class=\"elementor-section elementor-top-section elementor-element elementor-element-ddf1c88 elementor-section-boxed elementor-section-height-default elementor-section-height-default\" data-id=\"ddf1c88\" data-element_type=\"section\" data-e-type=\"section\">\n\t\t\t\t\t\t<div class=\"elementor-container elementor-column-gap-default\">\n\t\t\t\t\t<div class=\"elementor-column elementor-col-25 elementor-top-column elementor-element elementor-element-c6e5875\" data-id=\"c6e5875\" data-element_type=\"column\" data-e-type=\"column\">\n\t\t\t<div class=\"elementor-widget-wrap elementor-element-populated\">\n\t\t\t\t\t\t<div class=\"elementor-element elementor-element-e1c3435 elementor-widget elementor-widget-image\" data-id=\"e1c3435\" data-element_type=\"widget\" data-e-type=\"widget\" data-widget_type=\"image.default\">\n\t\t\t\t<div class=\"elementor-widget-container\">\n\t\t\t\t\t\t\t\t\t\t\t\t\t\t\t<img decoding=\"async\" width=\"1024\" height=\"576\" src=\"http:\/\/goepplmay.de\/wp-content\/uploads\/2022\/09\/20191125_145132-1024x576.jpg\" class=\"attachment-large size-large wp-image-231\" alt=\"\" srcset=\"http:\/\/goepplmay.de\/wp-content\/uploads\/2022\/09\/20191125_145132-1024x576.jpg 1024w, http:\/\/goepplmay.de\/wp-content\/uploads\/2022\/09\/20191125_145132-300x169.jpg 300w, http:\/\/goepplmay.de\/wp-content\/uploads\/2022\/09\/20191125_145132-768x432.jpg 768w, http:\/\/goepplmay.de\/wp-content\/uploads\/2022\/09\/20191125_145132-1536x864.jpg 1536w, http:\/\/goepplmay.de\/wp-content\/uploads\/2022\/09\/20191125_145132-2048x1152.jpg 2048w\" sizes=\"(max-width: 1024px) 100vw, 1024px\" \/>\t\t\t\t\t\t\t\t\t\t\t\t\t\t\t<\/div>\n\t\t\t\t<\/div>\n\t\t\t\t\t<\/div>\n\t\t<\/div>\n\t\t\t\t<div class=\"elementor-column elementor-col-25 elementor-top-column elementor-element elementor-element-0c986d8\" data-id=\"0c986d8\" data-element_type=\"column\" data-e-type=\"column\">\n\t\t\t<div class=\"elementor-widget-wrap elementor-element-populated\">\n\t\t\t\t\t\t\t<\/div>\n\t\t<\/div>\n\t\t\t\t<div class=\"elementor-column elementor-col-25 elementor-top-column elementor-element elementor-element-782c93b\" data-id=\"782c93b\" data-element_type=\"column\" data-e-type=\"column\">\n\t\t\t<div class=\"elementor-widget-wrap elementor-element-populated\">\n\t\t\t\t\t\t\t<\/div>\n\t\t<\/div>\n\t\t\t\t<div class=\"elementor-column elementor-col-25 elementor-top-column elementor-element elementor-element-b3ced72\" data-id=\"b3ced72\" data-element_type=\"column\" data-e-type=\"column\">\n\t\t\t<div class=\"elementor-widget-wrap elementor-element-populated\">\n\t\t\t\t\t\t<div class=\"elementor-element elementor-element-0b59ac3 elementor-widget elementor-widget-image\" data-id=\"0b59ac3\" data-element_type=\"widget\" data-e-type=\"widget\" data-widget_type=\"image.default\">\n\t\t\t\t<div class=\"elementor-widget-container\">\n\t\t\t\t\t\t\t\t\t\t\t\t<figure class=\"wp-caption\">\n\t\t\t\t\t\t\t\t\t\t<img decoding=\"async\" width=\"1024\" height=\"576\" src=\"http:\/\/goepplmay.de\/wp-content\/uploads\/2022\/09\/IMG-20180306-WA0016-1024x576.jpeg\" class=\"attachment-large size-large wp-image-233\" alt=\"\" srcset=\"http:\/\/goepplmay.de\/wp-content\/uploads\/2022\/09\/IMG-20180306-WA0016-1024x576.jpeg 1024w, http:\/\/goepplmay.de\/wp-content\/uploads\/2022\/09\/IMG-20180306-WA0016-300x169.jpeg 300w, http:\/\/goepplmay.de\/wp-content\/uploads\/2022\/09\/IMG-20180306-WA0016-768x432.jpeg 768w, http:\/\/goepplmay.de\/wp-content\/uploads\/2022\/09\/IMG-20180306-WA0016-1536x864.jpeg 1536w, http:\/\/goepplmay.de\/wp-content\/uploads\/2022\/09\/IMG-20180306-WA0016-2048x1152.jpeg 2048w\" sizes=\"(max-width: 1024px) 100vw, 1024px\" \/>\t\t\t\t\t\t\t\t\t\t\t<figcaption class=\"widget-image-caption wp-caption-text\"><\/figcaption>\n\t\t\t\t\t\t\t\t\t\t<\/figure>\n\t\t\t\t\t\t\t\t\t<\/div>\n\t\t\t\t<\/div>\n\t\t\t\t\t<\/div>\n\t\t<\/div>\n\t\t\t\t\t<\/div>\n\t\t<\/section>\n\t\t\t\t<\/div>\n\t\t","protected":false},"excerpt":{"rendered":"<p>Abbrucharbeiten Von kleineren Abbruch- und Demontagearbeiten, das Wegstemmen von Fliesen f\u00fcr ein neues Bad bis zur kompletten Entkernung von Wohn- und Gewerbeobjekten bieten wir unseren Kunden jegliche &#8222;Zerst\u00f6rung&#8220; einschlie\u00dflich der fachgerechten Entsorgung an!<\/p>\n","protected":false},"author":2,"featured_media":0,"parent":0,"menu_order":0,"comment_status":"closed","ping_status":"closed","template":"","meta":{"ocean_post_layout":"","ocean_both_sidebars_style":"","ocean_both_sidebars_content_width":0,"ocean_both_sidebars_sidebars_width":0,"ocean_sidebar":"0","ocean_second_sidebar":"0","ocean_disable_margins":"enable","ocean_add_body_class":"","ocean_shortcode_before_top_bar":"","ocean_shortcode_after_top_bar":"","ocean_shortcode_before_header":"","ocean_shortcode_after_header":"","ocean_has_shortcode":"","ocean_shortcode_after_title":"","ocean_shortcode_before_footer_widgets":"","ocean_shortcode_after_footer_widgets":"","ocean_shortcode_before_footer_bottom":"","ocean_shortcode_after_footer_bottom":"","ocean_display_top_bar":"default","ocean_display_header":"default","ocean_header_style":"","ocean_center_header_left_menu":"0","ocean_custom_header_template":"0","ocean_custom_logo":0,"ocean_custom_retina_logo":0,"ocean_custom_logo_max_width":0,"ocean_custom_logo_tablet_max_width":0,"ocean_custom_logo_mobile_max_width":0,"ocean_custom_logo_max_height":0,"ocean_custom_logo_tablet_max_height":0,"ocean_custom_logo_mobile_max_height":0,"ocean_header_custom_menu":"0","ocean_menu_typo_font_family":"0","ocean_menu_typo_font_subset":"","ocean_menu_typo_font_size":0,"ocean_menu_typo_font_size_tablet":0,"ocean_menu_typo_font_size_mobile":0,"ocean_menu_typo_font_size_unit":"px","ocean_menu_typo_font_weight":"","ocean_menu_typo_font_weight_tablet":"","ocean_menu_typo_font_weight_mobile":"","ocean_menu_typo_transform":"","ocean_menu_typo_transform_tablet":"","ocean_menu_typo_transform_mobile":"","ocean_menu_typo_line_height":0,"ocean_menu_typo_line_height_tablet":0,"ocean_menu_typo_line_height_mobile":0,"ocean_menu_typo_line_height_unit":"","ocean_menu_typo_spacing":0,"ocean_menu_typo_spacing_tablet":0,"ocean_menu_typo_spacing_mobile":0,"ocean_menu_typo_spacing_unit":"","ocean_menu_link_color":"","ocean_menu_link_color_hover":"","ocean_menu_link_color_active":"","ocean_menu_link_background":"","ocean_menu_link_hover_background":"","ocean_menu_link_active_background":"","ocean_menu_social_links_bg":"","ocean_menu_social_hover_links_bg":"","ocean_menu_social_links_color":"","ocean_menu_social_hover_links_color":"","ocean_disable_title":"default","ocean_disable_heading":"default","ocean_post_title":"","ocean_post_subheading":"","ocean_post_title_style":"","ocean_post_title_background_color":"","ocean_post_title_background":0,"ocean_post_title_bg_image_position":"","ocean_post_title_bg_image_attachment":"","ocean_post_title_bg_image_repeat":"","ocean_post_title_bg_image_size":"","ocean_post_title_height":0,"ocean_post_title_bg_overlay":0.5,"ocean_post_title_bg_overlay_color":"","ocean_disable_breadcrumbs":"default","ocean_breadcrumbs_color":"","ocean_breadcrumbs_separator_color":"","ocean_breadcrumbs_links_color":"","ocean_breadcrumbs_links_hover_color":"","ocean_display_footer_widgets":"default","ocean_display_footer_bottom":"default","ocean_custom_footer_template":"0","footnotes":""},"class_list":["post-155","page","type-page","status-publish","hentry","entry"],"yoast_head":"<!-- This site is optimized with the Yoast SEO plugin v26.2 - https:\/\/yoast.com\/wordpress\/plugins\/seo\/ -->\n<title>Abbrucharbeiten f\u00fcr Effiziente Projekte - G\u00f6ppl &amp; May<\/title>\n<meta name=\"description\" content=\"Professionelle Abbrucharbeiten f\u00fcr alle Projekte. Wir bieten umfassende Leistungen von der Demontage bis zur Entsorgung an.\" \/>\n<meta name=\"robots\" content=\"noindex, follow, max-snippet:-1, max-image-preview:large, max-video-preview:-1\" \/>\n<meta property=\"og:locale\" content=\"de_DE\" \/>\n<meta property=\"og:type\" content=\"article\" \/>\n<meta property=\"og:title\" content=\"Abbrucharbeiten f\u00fcr Effiziente Projekte - G\u00f6ppl &amp; May\" \/>\n<meta property=\"og:description\" content=\"Professionelle Abbrucharbeiten f\u00fcr alle Projekte. Wir bieten umfassende Leistungen von der Demontage bis zur Entsorgung an.\" \/>\n<meta property=\"og:url\" content=\"http:\/\/goepplmay.de\/index.php\/abbrucharbeiten\/\" \/>\n<meta property=\"og:site_name\" content=\"G\u00f6ppl &amp; May\" \/>\n<meta property=\"article:modified_time\" content=\"2025-10-28T15:19:13+00:00\" \/>\n<meta property=\"og:image\" content=\"http:\/\/goepplmay.de\/wp-content\/uploads\/2022\/09\/20191125_171437-1024x576.jpg\" \/>\n<meta name=\"twitter:card\" content=\"summary_large_image\" \/>\n<meta name=\"twitter:label1\" content=\"Gesch\u00e4tzte Lesezeit\" \/>\n\t<meta name=\"twitter:data1\" content=\"1\u00a0Minute\" \/>\n<script type=\"application\/ld+json\" class=\"yoast-schema-graph\">{\"@context\":\"https:\/\/schema.org\",\"@graph\":[{\"@type\":\"WebPage\",\"@id\":\"http:\/\/goepplmay.de\/index.php\/abbrucharbeiten\/\",\"url\":\"http:\/\/goepplmay.de\/index.php\/abbrucharbeiten\/\",\"name\":\"Abbrucharbeiten f\u00fcr Effiziente Projekte - G\u00f6ppl &amp; May\",\"isPartOf\":{\"@id\":\"http:\/\/goepplmay.de\/#website\"},\"primaryImageOfPage\":{\"@id\":\"http:\/\/goepplmay.de\/index.php\/abbrucharbeiten\/#primaryimage\"},\"image\":{\"@id\":\"http:\/\/goepplmay.de\/index.php\/abbrucharbeiten\/#primaryimage\"},\"thumbnailUrl\":\"http:\/\/goepplmay.de\/wp-content\/uploads\/2022\/09\/20191125_171437-1024x576.jpg\",\"datePublished\":\"2022-08-29T12:16:16+00:00\",\"dateModified\":\"2025-10-28T15:19:13+00:00\",\"description\":\"Professionelle Abbrucharbeiten f\u00fcr alle Projekte. Wir bieten umfassende Leistungen von der Demontage bis zur Entsorgung an.\",\"breadcrumb\":{\"@id\":\"http:\/\/goepplmay.de\/index.php\/abbrucharbeiten\/#breadcrumb\"},\"inLanguage\":\"de\",\"potentialAction\":[{\"@type\":\"ReadAction\",\"target\":[\"http:\/\/goepplmay.de\/index.php\/abbrucharbeiten\/\"]}]},{\"@type\":\"ImageObject\",\"inLanguage\":\"de\",\"@id\":\"http:\/\/goepplmay.de\/index.php\/abbrucharbeiten\/#primaryimage\",\"url\":\"https:\/\/goepplmay.de\/wp-content\/uploads\/2022\/09\/20191125_171437-scaled.jpg\",\"contentUrl\":\"https:\/\/goepplmay.de\/wp-content\/uploads\/2022\/09\/20191125_171437-scaled.jpg\",\"width\":2560,\"height\":1440},{\"@type\":\"BreadcrumbList\",\"@id\":\"http:\/\/goepplmay.de\/index.php\/abbrucharbeiten\/#breadcrumb\",\"itemListElement\":[{\"@type\":\"ListItem\",\"position\":1,\"name\":\"Startseite\",\"item\":\"http:\/\/goepplmay.de\/\"},{\"@type\":\"ListItem\",\"position\":2,\"name\":\"Abbrucharbeiten\"}]},{\"@type\":\"WebSite\",\"@id\":\"http:\/\/goepplmay.de\/#website\",\"url\":\"http:\/\/goepplmay.de\/\",\"name\":\"G\u00f6ppl &amp; May\",\"description\":\"\",\"publisher\":{\"@id\":\"http:\/\/goepplmay.de\/#organization\"},\"inLanguage\":\"de\"},{\"@type\":\"Organization\",\"@id\":\"http:\/\/goepplmay.de\/#organization\",\"name\":\"G\u00f6ppl &amp; May\",\"url\":\"http:\/\/goepplmay.de\/\",\"logo\":{\"@type\":\"ImageObject\",\"inLanguage\":\"de\",\"@id\":\"http:\/\/goepplmay.de\/#\/schema\/logo\/image\/\",\"url\":\"https:\/\/goepplmay.de\/wp-content\/uploads\/2020\/07\/cropped-Logo-ohne-1.png\",\"contentUrl\":\"https:\/\/goepplmay.de\/wp-content\/uploads\/2020\/07\/cropped-Logo-ohne-1.png\",\"width\":145,\"height\":46,\"caption\":\"G\u00f6ppl &amp; May\"},\"image\":{\"@id\":\"http:\/\/goepplmay.de\/#\/schema\/logo\/image\/\"}}]}<\/script>\n<!-- \/ Yoast SEO plugin. -->","yoast_head_json":{"title":"Abbrucharbeiten f\u00fcr Effiziente Projekte - G\u00f6ppl &amp; May","description":"Professionelle Abbrucharbeiten f\u00fcr alle Projekte. Wir bieten umfassende Leistungen von der Demontage bis zur Entsorgung an.","robots":{"index":"noindex","follow":"follow","max-snippet":"max-snippet:-1","max-image-preview":"max-image-preview:large","max-video-preview":"max-video-preview:-1"},"og_locale":"de_DE","og_type":"article","og_title":"Abbrucharbeiten f\u00fcr Effiziente Projekte - G\u00f6ppl &amp; May","og_description":"Professionelle Abbrucharbeiten f\u00fcr alle Projekte. Wir bieten umfassende Leistungen von der Demontage bis zur Entsorgung an.","og_url":"http:\/\/goepplmay.de\/index.php\/abbrucharbeiten\/","og_site_name":"G\u00f6ppl &amp; May","article_modified_time":"2025-10-28T15:19:13+00:00","og_image":[{"url":"http:\/\/goepplmay.de\/wp-content\/uploads\/2022\/09\/20191125_171437-1024x576.jpg","type":"","width":"","height":""}],"twitter_card":"summary_large_image","twitter_misc":{"Gesch\u00e4tzte Lesezeit":"1\u00a0Minute"},"schema":{"@context":"https:\/\/schema.org","@graph":[{"@type":"WebPage","@id":"http:\/\/goepplmay.de\/index.php\/abbrucharbeiten\/","url":"http:\/\/goepplmay.de\/index.php\/abbrucharbeiten\/","name":"Abbrucharbeiten f\u00fcr Effiziente Projekte - G\u00f6ppl &amp; May","isPartOf":{"@id":"http:\/\/goepplmay.de\/#website"},"primaryImageOfPage":{"@id":"http:\/\/goepplmay.de\/index.php\/abbrucharbeiten\/#primaryimage"},"image":{"@id":"http:\/\/goepplmay.de\/index.php\/abbrucharbeiten\/#primaryimage"},"thumbnailUrl":"http:\/\/goepplmay.de\/wp-content\/uploads\/2022\/09\/20191125_171437-1024x576.jpg","datePublished":"2022-08-29T12:16:16+00:00","dateModified":"2025-10-28T15:19:13+00:00","description":"Professionelle Abbrucharbeiten f\u00fcr alle Projekte. Wir bieten umfassende Leistungen von der Demontage bis zur Entsorgung an.","breadcrumb":{"@id":"http:\/\/goepplmay.de\/index.php\/abbrucharbeiten\/#breadcrumb"},"inLanguage":"de","potentialAction":[{"@type":"ReadAction","target":["http:\/\/goepplmay.de\/index.php\/abbrucharbeiten\/"]}]},{"@type":"ImageObject","inLanguage":"de","@id":"http:\/\/goepplmay.de\/index.php\/abbrucharbeiten\/#primaryimage","url":"https:\/\/goepplmay.de\/wp-content\/uploads\/2022\/09\/20191125_171437-scaled.jpg","contentUrl":"https:\/\/goepplmay.de\/wp-content\/uploads\/2022\/09\/20191125_171437-scaled.jpg","width":2560,"height":1440},{"@type":"BreadcrumbList","@id":"http:\/\/goepplmay.de\/index.php\/abbrucharbeiten\/#breadcrumb","itemListElement":[{"@type":"ListItem","position":1,"name":"Startseite","item":"http:\/\/goepplmay.de\/"},{"@type":"ListItem","position":2,"name":"Abbrucharbeiten"}]},{"@type":"WebSite","@id":"http:\/\/goepplmay.de\/#website","url":"http:\/\/goepplmay.de\/","name":"G\u00f6ppl &amp; May","description":"","publisher":{"@id":"http:\/\/goepplmay.de\/#organization"},"inLanguage":"de"},{"@type":"Organization","@id":"http:\/\/goepplmay.de\/#organization","name":"G\u00f6ppl &amp; May","url":"http:\/\/goepplmay.de\/","logo":{"@type":"ImageObject","inLanguage":"de","@id":"http:\/\/goepplmay.de\/#\/schema\/logo\/image\/","url":"https:\/\/goepplmay.de\/wp-content\/uploads\/2020\/07\/cropped-Logo-ohne-1.png","contentUrl":"https:\/\/goepplmay.de\/wp-content\/uploads\/2020\/07\/cropped-Logo-ohne-1.png","width":145,"height":46,"caption":"G\u00f6ppl &amp; May"},"image":{"@id":"http:\/\/goepplmay.de\/#\/schema\/logo\/image\/"}}]}},"_links":{"self":[{"href":"https:\/\/goepplmay.de\/index.php\/wp-json\/wp\/v2\/pages\/155","targetHints":{"allow":["GET"]}}],"collection":[{"href":"https:\/\/goepplmay.de\/index.php\/wp-json\/wp\/v2\/pages"}],"about":[{"href":"https:\/\/goepplmay.de\/index.php\/wp-json\/wp\/v2\/types\/page"}],"author":[{"embeddable":true,"href":"https:\/\/goepplmay.de\/index.php\/wp-json\/wp\/v2\/users\/2"}],"replies":[{"embeddable":true,"href":"https:\/\/goepplmay.de\/index.php\/wp-json\/wp\/v2\/comments?post=155"}],"version-history":[{"count":39,"href":"https:\/\/goepplmay.de\/index.php\/wp-json\/wp\/v2\/pages\/155\/revisions"}],"predecessor-version":[{"id":392,"href":"https:\/\/goepplmay.de\/index.php\/wp-json\/wp\/v2\/pages\/155\/revisions\/392"}],"wp:attachment":[{"href":"https:\/\/goepplmay.de\/index.php\/wp-json\/wp\/v2\/media?parent=155"}],"curies":[{"name":"wp","href":"https:\/\/api.w.org\/{rel}","templated":true}]}}